{"id":8004,"date":"2025-07-08T09:33:08","date_gmt":"2025-07-08T09:33:08","guid":{"rendered":"https:\/\/www.hknprefabrik.com\/?page_id=8004"},"modified":"2025-07-08T09:38:55","modified_gmt":"2025-07-08T09:38:55","slug":"katalog","status":"publish","type":"page","link":"https:\/\/www.hknprefabrik.com\/index.php\/katalog\/","title":{"rendered":"Katalog"},"content":{"rendered":"\t\t<div data-elementor-type=\"wp-page\" data-elementor-id=\"8004\" class=\"elementor elementor-8004\" data-elementor-post-type=\"page\">\n\t\t\t\t<div class=\"elementor-element elementor-element-f428089 e-flex e-con-boxed kitify-col-width-auto-no ignore-docs-style-no kitify-disable-relative-no elementor-invisible e-root-container elementor-top-section kitify-has-entrance-animation e-con e-parent\" data-id=\"f428089\" data-element_type=\"container\" data-settings=\"{&quot;animation&quot;:&quot;kitifyShortFadeInUp&quot;}\">\n\t\t\t\t\t<div class=\"e-con-inner\">\n\t\t\t\t<div class=\"elementor-element elementor-element-dc2914e elementor-widget elementor-widget-html\" data-id=\"dc2914e\" data-element_type=\"widget\" data-widget_type=\"html.default\">\n\t\t\t\t<div class=\"elementor-widget-container\">\n\t\t\t\t\t<iframe allowfullscreen=\"\" allow=\"clipboard-write\" scrolling=\"no\" class=\"fp-iframe\" style=\"border: 1px solid lightgray; width: 100%; height: 900px;\" src=\"https:\/\/heyzine.com\/flip-book\/bb74832d56.html\"><\/iframe>\t\t\t\t<\/div>\n\t\t\t\t<\/div>\n\t\t\t\t\t<\/div>\n\t\t\t\t<\/div>\n\t\t<div class=\"elementor-element elementor-element-f25d7ff e-flex e-con-boxed kitify-col-width-auto-no ignore-docs-style-no kitify-disable-relative-no elementor-invisible e-root-container elementor-top-section kitify-has-entrance-animation e-con e-parent\" data-id=\"f25d7ff\" data-element_type=\"container\" data-settings=\"{&quot;animation&quot;:&quot;kitifyShortFadeInUp&quot;}\">\n\t\t\t\t\t<div class=\"e-con-inner\">\n\t\t\t\t<div class=\"elementor-element elementor-element-439a260 elementor-widget elementor-widget-heading\" data-id=\"439a260\" data-element_type=\"widget\" data-widget_type=\"heading.default\">\n\t\t\t\t<div class=\"elementor-widget-container\">\n\t\t\t\t\t<h2 class=\"elementor-heading-title elementor-size-default\">S\u0131k Sorulan Sorular<\/h2>\t\t\t\t<\/div>\n\t\t\t\t<\/div>\n\t\t\t\t<div class=\"elementor-element elementor-element-771b438 custom-carousel-preset-default kitify-carousel-item-effect-slide kitify-arrow--showonhover-no kitify-dots--vertical-no elementor-widget kitify elementor-kitify-team-member\" data-id=\"771b438\" data-element_type=\"widget\" data-widget_type=\"kitify-team-member.default\">\n\t\t\t\t<div class=\"elementor-widget-container\">\n\t\t\t\t\t\n<div id=\"tm_771b438\" class=\"kitify-team-member layout-type-grid preset-pop-card kitify-carousel\" data-slider_options=\"{&quot;slidesToScroll&quot;:{&quot;desktop&quot;:&quot;1&quot;,&quot;laptop&quot;:&quot;1&quot;,&quot;tablet&quot;:&quot;1&quot;,&quot;mobile_extra&quot;:&quot;1&quot;},&quot;rows&quot;:{&quot;desktop&quot;:&quot;1&quot;,&quot;laptop&quot;:&quot;1&quot;,&quot;tablet&quot;:&quot;1&quot;,&quot;mobile_extra&quot;:&quot;1&quot;},&quot;autoplaySpeed&quot;:5000,&quot;autoplay&quot;:false,&quot;infinite&quot;:false,&quot;centerMode&quot;:false,&quot;pauseOnHover&quot;:false,&quot;pauseOnInteraction&quot;:false,&quot;reverseDirection&quot;:false,&quot;infiniteEffect&quot;:false,&quot;speed&quot;:500,&quot;arrows&quot;:false,&quot;dots&quot;:false,&quot;variableWidth&quot;:false,&quot;prevArrow&quot;:&quot;.kitify-carousel__prev-arrow-771b438&quot;,&quot;nextArrow&quot;:&quot;.kitify-carousel__next-arrow-771b438&quot;,&quot;dotsElm&quot;:&quot;.kitify-carousel__dots_771b438&quot;,&quot;rtl&quot;:false,&quot;effect&quot;:&quot;slide&quot;,&quot;coverflowEffect&quot;:{&quot;rotate&quot;:null,&quot;stretch&quot;:null,&quot;depth&quot;:null,&quot;modifier&quot;:null,&quot;slideShadows&quot;:null},&quot;dotType&quot;:&quot;bullets&quot;,&quot;direction&quot;:&quot;horizontal&quot;,&quot;uniqueID&quot;:&quot;kitify_carousel_771b438&quot;,&quot;asFor&quot;:&quot;&quot;,&quot;autoHeight&quot;:false,&quot;slidesToShow&quot;:{&quot;desktop&quot;:&quot;4&quot;,&quot;mobile&quot;:&quot;1&quot;,&quot;mobile_extra&quot;:&quot;2&quot;,&quot;tablet&quot;:&quot;3&quot;,&quot;laptop&quot;:&quot;4&quot;}}\" dir=\"ltr\">\n    <div class=\"kitify-carousel-inner\">    <div class=\"kitify-team-member__list_wrapper swiper-container\">\n        <div class=\"kitify-team-member__list swiper-wrapper\" data-item_selector=\".kitify-team-member__item\" id=\"kitify_carousel_771b438\">\n                                <div class=\"kitify-team-member__item swiper-slide\">\n                        <div class=\"kitify-team-member__inner-box\">\n                            <div class=\"kitify-team-member__inner\">\n                                <div class=\"kitify-team-member__image_wrap\">\n                                    <div class=\"kitify-team-member__link\"><figure class=\"figure__object_fit kitify-team-member__image\"><img fetchpriority=\"high\" decoding=\"async\" width=\"610\" height=\"700\" src=\"https:\/\/www.hknprefabrik.com\/wp-content\/uploads\/2025\/06\/ruhsatli_prefabrik_imalati_21062025.jpg\" class=\"kitify-team-member__image-instance wp-post-image attachment-full size-full wp-image-7848\" alt=\"\" srcset=\"https:\/\/www.hknprefabrik.com\/wp-content\/uploads\/2025\/06\/ruhsatli_prefabrik_imalati_21062025.jpg 610w, https:\/\/www.hknprefabrik.com\/wp-content\/uploads\/2025\/06\/ruhsatli_prefabrik_imalati_21062025-261x300.jpg 261w\" sizes=\"(max-width: 610px) 100vw, 610px\" \/><\/figure><\/div>                                <\/div>\n                                <div class=\"kitify-team-member__content\">\n                                        <h4 class=\"kitify-team-member__name\"><a ><\/a><\/h4><div class=\"kitify-team-member__position\"><span>Ruhsatl\u0131 yap\u0131 \u00fcretiyor musunuz?<\/span><\/div>                                <\/div>\n                            <\/div>\n                        <\/div>\n                    <\/div>\n                                        <div class=\"kitify-team-member__item swiper-slide\">\n                        <div class=\"kitify-team-member__inner-box\">\n                            <div class=\"kitify-team-member__inner\">\n                                <div class=\"kitify-team-member__image_wrap\">\n                                    <div class=\"kitify-team-member__link\"><figure class=\"figure__object_fit kitify-team-member__image\"><img decoding=\"async\" width=\"610\" height=\"700\" src=\"https:\/\/www.hknprefabrik.com\/wp-content\/uploads\/2025\/06\/yurt_disi_ihracat_calismasi_hknprefabrik.jpg\" class=\"kitify-team-member__image-instance wp-post-image attachment-full size-full wp-image-7849\" alt=\"\" srcset=\"https:\/\/www.hknprefabrik.com\/wp-content\/uploads\/2025\/06\/yurt_disi_ihracat_calismasi_hknprefabrik.jpg 610w, https:\/\/www.hknprefabrik.com\/wp-content\/uploads\/2025\/06\/yurt_disi_ihracat_calismasi_hknprefabrik-261x300.jpg 261w\" sizes=\"(max-width: 610px) 100vw, 610px\" \/><\/figure><\/div>                                <\/div>\n                                <div class=\"kitify-team-member__content\">\n                                        <h4 class=\"kitify-team-member__name\"><a ><\/a><\/h4><div class=\"kitify-team-member__position\"><span>Yurtd\u0131\u015f\u0131 teslimat yap\u0131yor musunuz?<\/span><\/div>                                <\/div>\n                            <\/div>\n                        <\/div>\n                    <\/div>\n                                        <div class=\"kitify-team-member__item swiper-slide\">\n                        <div class=\"kitify-team-member__inner-box\">\n                            <div class=\"kitify-team-member__inner\">\n                                <div class=\"kitify-team-member__image_wrap\">\n                                    <div class=\"kitify-team-member__link\"><figure class=\"figure__object_fit kitify-team-member__image\"><img decoding=\"async\" width=\"610\" height=\"700\" src=\"https:\/\/www.hknprefabrik.com\/wp-content\/uploads\/2025\/06\/yapilar_kac_gunde_kurulur_21062025.jpg\" class=\"kitify-team-member__image-instance wp-post-image attachment-full size-full wp-image-7850\" alt=\"\" srcset=\"https:\/\/www.hknprefabrik.com\/wp-content\/uploads\/2025\/06\/yapilar_kac_gunde_kurulur_21062025.jpg 610w, https:\/\/www.hknprefabrik.com\/wp-content\/uploads\/2025\/06\/yapilar_kac_gunde_kurulur_21062025-261x300.jpg 261w\" sizes=\"(max-width: 610px) 100vw, 610px\" \/><\/figure><\/div>                                <\/div>\n                                <div class=\"kitify-team-member__content\">\n                                        <h4 class=\"kitify-team-member__name\"><a ><\/a><\/h4><div class=\"kitify-team-member__position\"><span>Yap\u0131lar ka\u00e7 g\u00fcn i\u00e7inde kurulur?<\/span><\/div>                                <\/div>\n                            <\/div>\n                        <\/div>\n                    <\/div>\n                                        <div class=\"kitify-team-member__item swiper-slide\">\n                        <div class=\"kitify-team-member__inner-box\">\n                            <div class=\"kitify-team-member__inner\">\n                                <div class=\"kitify-team-member__image_wrap\">\n                                    <div class=\"kitify-team-member__link\"><figure class=\"figure__object_fit kitify-team-member__image\"><img loading=\"lazy\" decoding=\"async\" width=\"610\" height=\"700\" src=\"https:\/\/www.hknprefabrik.com\/wp-content\/uploads\/2025\/06\/depreme_dayanikli_celik_yapilar_21062025_1043.jpg\" class=\"kitify-team-member__image-instance wp-post-image attachment-full size-full wp-image-7852\" alt=\"\" srcset=\"https:\/\/www.hknprefabrik.com\/wp-content\/uploads\/2025\/06\/depreme_dayanikli_celik_yapilar_21062025_1043.jpg 610w, https:\/\/www.hknprefabrik.com\/wp-content\/uploads\/2025\/06\/depreme_dayanikli_celik_yapilar_21062025_1043-261x300.jpg 261w\" sizes=\"(max-width: 610px) 100vw, 610px\" \/><\/figure><\/div>                                <\/div>\n                                <div class=\"kitify-team-member__content\">\n                                        <h4 class=\"kitify-team-member__name\"><a ><\/a><\/h4><div class=\"kitify-team-member__position\"><span>Yap\u0131lar depreme ne kadar dayan\u0131kl\u0131?<\/span><\/div>                                <\/div>\n                            <\/div>\n                        <\/div>\n                    <\/div>\n                            <\/div>\n    <\/div>\n    <\/div><\/div>\n\t\t\t\t<\/div>\n\t\t\t\t<\/div>\n\t\t\t\t\t<\/div>\n\t\t\t\t<\/div>\n\t\t\t\t<\/div>\n\t\t","protected":false},"excerpt":{"rendered":"<p>S\u0131k Sorulan Sorular Ruhsatl\u0131 yap\u0131 \u00fcretiyor musunuz? Yurtd\u0131\u015f\u0131 teslimat yap\u0131yor musunuz? Yap\u0131lar ka\u00e7 g\u00fcn i\u00e7inde kurulur? Yap\u0131lar depreme ne kadar dayan\u0131kl\u0131?<\/p>\n","protected":false},"author":1,"featured_media":0,"parent":0,"menu_order":0,"comment_status":"closed","ping_status":"closed","template":"","meta":{"footnotes":""},"class_list":["post-8004","page","type-page","status-publish","hentry"],"jetpack_sharing_enabled":true,"_links":{"self":[{"href":"https:\/\/www.hknprefabrik.com\/index.php\/wp-json\/wp\/v2\/pages\/8004","targetHints":{"allow":["GET"]}}],"collection":[{"href":"https:\/\/www.hknprefabrik.com\/index.php\/wp-json\/wp\/v2\/pages"}],"about":[{"href":"https:\/\/www.hknprefabrik.com\/index.php\/wp-json\/wp\/v2\/types\/page"}],"author":[{"embeddable":true,"href":"https:\/\/www.hknprefabrik.com\/index.php\/wp-json\/wp\/v2\/users\/1"}],"replies":[{"embeddable":true,"href":"https:\/\/www.hknprefabrik.com\/index.php\/wp-json\/wp\/v2\/comments?post=8004"}],"version-history":[{"count":7,"href":"https:\/\/www.hknprefabrik.com\/index.php\/wp-json\/wp\/v2\/pages\/8004\/revisions"}],"predecessor-version":[{"id":8012,"href":"https:\/\/www.hknprefabrik.com\/index.php\/wp-json\/wp\/v2\/pages\/8004\/revisions\/8012"}],"wp:attachment":[{"href":"https:\/\/www.hknprefabrik.com\/index.php\/wp-json\/wp\/v2\/media?parent=8004"}],"curies":[{"name":"wp","href":"https:\/\/api.w.org\/{rel}","templated":true}]}}